z(-1)?
-10
Let r(a) = -3076*a - 110751. Give r(-36).
-15
Let o(n) = -n**3 - 391*n**2 + 410*n + 7083. What is o(-392)?
27
Let i(o) = 11*o**2 + 116*o + 242. What is i(-13)?
593
Let o(z) = -592943*z + 3557663. Determine o(6).
5
Let a(p) = -p**3 + 19*p**2 + 7*p - 65. What is a(17)?
632
Let l(c) = -4392*c + 17625. Determine l(4).
57
Let z(b) = -50*b**2 - 10155*b + 10154. Determine z(1).
-51
Let p(f) = f**3 - 133*f**2 + 1724*f + 5425. What is p(118)?
-3
Let k(p) = -2*p**3 - 187*p**2 + 209*p + 10729. Calculate k(-94).
-81
Let j(x) = 141*x**2 + 45414*x + 3672. Determine j(-322).
-192
Let p(z) = -7*z**2 + 246*z + 53. What is p(39)?
-1000
Let d(b) = -192*b - 23198. Calculate d(-122).
226
Let c(t) = -3771*t - 335612. Calculate c(-89).
7
Let l(q) = -q**3 - 65*q**2 - 93*q - 694. Calculate l(-64).
1162
Let v(q) = -q**3 + 6*q**2 + 53*q + 38. Calculate v(16).
-1674
Let l(g) = -2*g**3 - 96*g**2 - 885*g - 219. Calculate l(-12).
33
Let u(v) = -1817*v - 144732. What is u(-79)?
-1189
Let h(o) = -13*o**2 + 883*o - 856. Determine h(1).
14
Let v(x) = 16*x**2 - 852*x - 6753. What is v(60)?
-273
Let q(m) = 101*m**2 + 2817*m - 170. Give q(-28).
138
Let h(k) = 13136*k + 91944. Calculate h(-7).
-8
Let h(b) = 28*b + 411. Give h(16).
859
Let c(v) = -6241*v - 36. What is c(0)?
-36
Let t(m) = m**2 - 74*m - 24511. Determine t(-96).
-8191
Let m(s) = 218*s - 2151. What is m(7)?
-625
Let l(c) = -3*c**3 + 62*c**2 + 38*c - 40. Give l(22).
-1140
Let i(j) = j**2 + 603*j + 19873. Calculate i(-35).
-7
Let u(l) = 4*l**2 - 123979*l - 123977. Give u(-1).
6
Let i(f) = 99362*f - 1589794. Calculate i(16).
-2
Let a(j) = 26826*j + 831613. Calculate a(-31).
7
Let y(f) = -15659*f + 39241449. What is y(2506)?
-5
Let u(a) = a**3 + 85*a**2 + 1357*a + 3696. Calculate u(-65).
-9
Let w(i) = -31*i**3 - 3810*i**2 + 376*i + 851. Give w(-123).
-10
Let s(r) = 8*r**2 - 1909*r - 33421. Determine s(255).
-16
Let s(p) = p**3 - 203*p**2 + 201*p + 215. Calculate s(202).
13
Let g(q) = 216*q - 7203. Determine g(34).
141
Let i(b) = 27*b**2 + 486*b - 1489. Give i(3).
212
Let o(u) = -488*u**3 + 8*u**2 + 5*u - 7. Calculate o(1).
-482
Let s(y) = -539*y**2 - 321*y - 4. Give s(1).
-864
Let p(l) = -2*l**3 + 128*l**2 - 141*l - 20347. Determine p(60).
-7
Let y(m) = -m**3 + 42*m**2 - 837*m + 30297. Calculate y(40).
17
Let h(s) = s**3 - 36*s**2 + 2148*s - 49091. Give h(26).
-3
Let c(h) = -13*h**2 + 256*h - 478. Give c(2).
-18
Let d(c) = -26810264*c - 107241054. What is d(-4)?
2
Let d(k) = -6354*k + 57004. Calculate d(9).
-182
Let i(x) = 18061*x + 993342. Give i(-55).
-13
Let w(t) = 5*t**3 + 956*t**2 + 206*t + 3039. Give w(-191).
174
Let g(k) = 6*k**3 - 415*k**2 + 1243*k + 263. Calculate g(66).
-463
Let u(k) = -22*k**2 - 2073*k - 29190. Determine u(-77).
-7
Let f(b) = -3*b**3 - 193*b**2 + 314*b - 1406. Give f(-66).
-350
Let t(a) = -10*a**2 + 41242*a - 247373. What is t(6)?
-281
Let z(t) = -4*t**3 - 73*t**2 + 4886*t - 54. Determine z(27).
-81
Let o(n) = -502*n**2 - 53864*n - 16044. Determine o(-107).
6
Let n(t) = -14*t**2 + 47302*t - 47300. What is n(1)?
-12
Let t(v) = -v**3 - 369*v**2 + 860*v + 43740. Give t(-371).
-38
Let x(p) = 201033*p + 201034. Determine x(-1).
1
Let n(y) = -96791*y - 774449. Determine n(-8).
-121
Let h(b) = -1249*b + 42259. Determine h(34).
-207
Let d(u) = 8*u**2 - 19219*u - 96310. Determine d(-5).
-15
Let v(q) = 813*q - 161794. What is v(199)?
-7
Let h(q) = -5*q**2 + 107*q + 11773. What is h(-39)?
-5
Let t(r) = -5*r**2 + 638*r + 87. Give t(0).
87
Let n(m) = -9*m**2 + 85*m + 132. Determine n(7).
286
Let j(x) = -17*x**2 + 13*x - 30. Calculate j(5).
-390
Let j(c) = -c**3 + 4*c**2 - 642*c - 6541. Calculate j(-10).
1279
Let h(s) = -s**2 - 1739*s - 753811. Determine h(-916).
57
Let r(f) = -f**3 - 20*f**2 - 612*f - 11138. Give r(-19).
129
Let h(l) = 18*l**2 + 1895*l - 23. Calculate h(-107).
3294
Let w(m) = -244*m + 17593. Determine w(70).
513
Let g(j) = -j**3 + 90*j**2 + 446*j - 783. What is g(-6)?
-3
Let l(j) = j**3 + 51*j**2 - 581*j - 22617. What is l(-54)?
9
Let p(t) = -2*t**3 - 322*t**2 + 53*t + 8279. What is p(-161)?
-254
Let h(c) = -2*c**3 - 992*c**2 + 1995*c + 1485. Give h(-498).
-9
Let q(z) = -z**2 - 663112*z + 14588974. Determine q(22).
26
Let w(c) = 648*c**3 + 24*c**2 - 46*c - 69. Give w(-1).
-647
Let f(l) = 103*l**2 + 1169*l + 276. What is f(-11)?
-120
Let z(g) = g**2 + 19314*g + 55. Determine z(0).
55
Let l(t) = 2440*t + 397696. What is l(-163)?
-24
Let o(u) = -u**2 + 423*u - 27510. Give o(81).
192
Let r(c) = -4047*c + 20176. Give r(5).
-59
Let x(w) = -w**3 + 43*w**2 - 51*w + 4328. What is x(44)?
148
Let a(l) = -2489*l - 62395. Calculate a(-25).
-170
Let y(j) = -8851*j - 230419. What is y(-26)?
-293
Let o(g) = -4468*g + 62423. Calculate o(14).
-129
Let d(l) = -l**2 - 56*l - 1196. Calculate d(-30).
-416
Let y(u) = 44*u**2 + 485*u + 16. What is y(-11)?
5
Let w(h) = 294*h + 86. Give w(2).
674
Let i(j) = -372*j**2 - 2627*j - 6. Determine i(-7).
155
Let i(c) = 3*c**3 + 1489*c**2 + 3476*c + 8873. What is i(-494)?
-19
Let l(v) = -v**3 - 99*v**2 + 133*v - 40274. Determine l(-104).
-26
Let g(o) = -7*o**3 + 2183*o**2 + 9167*o - 937. What is g(316)?
11
Let k(p) = -8164*p - 65124. Determine k(-8).
188
Let g(t) = 6*t**3 + 62*t**2 - 30*t - 345. Give g(-10).
155
Let c(g) = g**3 + 52*g**2 - 2129*g - 105101. Determine c(-57).
7
Let j(c) = -c**3 - 155*c**2 - 201*c - 30928. Determine j(-155).
227
Let r(l) = -l**3 - 13*l**2 + 354*l - 1021. Calculate r(11).
-31
Let h(o) = 5385*o - 2094745. Determine h(389).
20
Let v(j) = 588*j + 59600. Calculate v(-101).
212
Let q(z) = -z**2 + 287*z + 11974. Calculate q(-35).
704
Let y(p) = -2*p**2 - 4767*p - 131920. Calculate y(-28).
-12
Let u(r) = -322*r - 684. What is u(-4)?
604
Let y(f) = -55*f**2 - 12363*f - 803. Give y(-225).
-3503
Let n(j) = -1212*j + 44713. Give n(37).
-131
Let u(g) = -887*g - 232393. What is u(-262)?
1
Let q(m) = 1376*m - 7629. Calculate q(4).
-2125
Let v(r) = -226*r - 9753. Determine v(-44).
191
Let b(v) = 30*v**3 - 5*v**2 + 42*v - 38. Give b(1).
29
Let n(j) = -3*j**3 + 3016*j**2 + 111388*j - 1048. What is n(1041)?
-7
Let k(q) = 63860*q - 3384581. What is k(53)?
-1
Let i(r) = 7*r**2 + 216*r + 1370. Give i(-6).
326
Let r(s) = 73*s + 8082. Calculate r(-107).
271
Let t(a) = -a**2 + 131*a - 3223. Determine t(96).
137
Let i(v) = -v**2 - 187*v - 9076. Calculate i(-86).
-390
Let a(g) = -8018*g + 39052. Determine a(5).
-1038
Let d(y) = -133*y**2 - 354*y + 2287. What is d(3)?
28
Let c(g) = -103*g + 1400. Give c(15).
-145
Let l(p) = 1225*p**2 + 4540*p - 4533. Calculate l(1).
1232
Let j(n) = 522*n + 78864. Give j(-151).
42
Let w(v) = -2*v**3 + 111*v**2 - 243*v + 16735. What is w(56)?
-9
Let h(m) = -3*m**3 + 7370*m**2 + 193648*m + 6. Determine h(-26).
6
Let c(u) = -2*u**2 - 4894*u - 38994. Give c(-8).
30
Let d(h) = -h**3 - 392*h**2 + 1261*h + 30199. Give d(-395).
179
Let r(w) = w**2 + 855721*w - 7701574. What is r(9)?
-4
Let g(y) = 51*y**2 + 10217*y + 3386. Give g(-200).
-14
Let f(u) = u**2 + 115*u - 31548. Give f(129).
-72
Let c(g) = -341*g - 5501. What is c(-17)?
296
Let z(l) = 72*l**3 - 130*l**2 + 515*l + 12. Give z(4).
4600
Let k(b) = -4322*b - 25971. Calculate k(-6).
-39
Let y(p) = 117*p**2 + 31684*p - 6261. Give y(-271).
-28
Let m(o) = -o**3 + 207*o**2 + 5224*o + 15181. Give m(230).
1
Let d(u) = -2484*u + 3003147. Determine d(1209).
-9
Let i(w) = w**2 + 29*w - 287. Calculate i(18).
559
Let i(d) = d**3 - 149*d**2 + 556*d + 3295. Determine i(145).
-185
Let n(v) = -16*v**2 - 1930*v + 784. Give n(-121).
58
Let c(d) = 324*d + 9361. Calculate c(-29).
-35
Let i(h) = 33*h - 1116. Determine i(23).
-357
Let t(w) = w**3 - 6*w**2 - 7356*w + 94451. Determine t(13).
6
Let p(d) = 2*d**3 + 1907*d**2 - 357606*d - 13371. Calculate p(-1114).
-3
Let p(t) = 41*t**3 - 214*t**2 + 134*t - 717. Give p(5).
-272
Let p(s) = s**3 + 258*s**2 - 90282*s - 1186. Calculate p(198).
2
Let a(p) = -3*p**3 + 1968*p**2 + 1961*p + 6556. Determine a(657).
-14
Let w(j) = 64567*j + 451978. What is w(-7)?
9
Let x(p) = -33*p**2 + 124*p + 4. Give x(6).
-440
Let o(l) = l**3 - 71*l**2 + 558*l - 1099. What is o(5)?
41
Let m(k) = -3*k**3 + 598*k**2 + 6722*k - 416. Calculate m(210).
4
Let n(a) = -2*a**3 - 30*a**2 - 178*a - 3438. Give n(-16).
-78
Let x(i) = 2*i**2 - 4113*i - 16511. Give x(-4).
-27
Let t(v) = 7597